{"id":9280,"date":"2023-02-02T13:56:08","date_gmt":"2023-02-02T12:56:08","guid":{"rendered":"https:\/\/www.auditionsolidarite.org\/wp-content\/uploads\/2023\/02\/Audilab-Quimper.png"},"modified":"2023-02-02T13:56:11","modified_gmt":"2023-02-02T12:56:11","slug":"audilab-quimper","status":"inherit","type":"attachment","link":"https:\/\/www.auditionsolidarite.org\/fr\/organisme\/audition-conseil-opale-audition-2-copy-5\/audilab-quimper\/","title":{"rendered":"Audilab Quimper"},"author":2,"comment_status":"closed","ping_status":"closed","template":"","meta":[],"acf":[],"yoast_head":"<!-- This site is optimized with the Yoast SEO plugin v21.9.1 - https:\/\/yoast.com\/wordpress\/plugins\/seo\/ -->\n<title>Audilab Quimper - AuditionSolidarit\u00e9<\/title>\n<meta name=\"robots\" content=\"index, follow, max-snippet:-1, max-image-preview:large, max-video-preview:-1\" \/>\n<link rel=\"canonical\" href=\"https:\/\/www.auditionsolidarite.org\/wp-content\/uploads\/2023\/02\/Audilab-Quimper.png\" \/>\n<meta property=\"og:locale\" content=\"fr_FR\" \/>\n<meta property=\"og:type\" content=\"article\" \/>\n<meta property=\"og:title\" content=\"Audilab Quimper - AuditionSolidarit\u00e9\" \/>\n<meta property=\"og:url\" content=\"https:\/\/www.auditionsolidarite.org\/wp-content\/uploads\/2023\/02\/Audilab-Quimper.png\" \/>\n<meta property=\"og:site_name\" content=\"AuditionSolidarit\u00e9\" \/>\n<meta property=\"article:modified_time\" content=\"2023-02-02T12:56:11+00:00\" \/>\n<meta property=\"og:image\" content=\"https:\/\/www.auditionsolidarite.org\/wp-content\/uploads\/2023\/02\/Audilab-Quimper.png\" \/>\n\t<meta property=\"og:image:width\" content=\"142\" \/>\n\t<meta property=\"og:image:height\" content=\"37\" \/>\n\t<meta property=\"og:image:type\" content=\"image\/png\" \/>\n<meta name=\"twitter:card\" content=\"summary_large_image\" \/>\n<script type=\"application\/ld+json\" class=\"yoast-schema-graph\">{\"@context\":\"https:\/\/schema.org\",\"@graph\":[{\"@type\":\"WebPage\",\"@id\":\"https:\/\/www.auditionsolidarite.org\/wp-content\/uploads\/2023\/02\/Audilab-Quimper.png\",\"url\":\"https:\/\/www.auditionsolidarite.org\/wp-content\/uploads\/2023\/02\/Audilab-Quimper.png\",\"name\":\"Audilab Quimper - AuditionSolidarit\u00e9\",\"isPartOf\":{\"@id\":\"https:\/\/www.auditionsolidarite.org\/fr\/#website\"},\"datePublished\":\"2023-02-02T12:56:08+00:00\",\"dateModified\":\"2023-02-02T12:56:11+00:00\",\"breadcrumb\":{\"@id\":\"https:\/\/www.auditionsolidarite.org\/wp-content\/uploads\/2023\/02\/Audilab-Quimper.png#breadcrumb\"},\"inLanguage\":\"fr-FR\",\"potentialAction\":[{\"@type\":\"ReadAction\",\"target\":[[\"https:\/\/www.auditionsolidarite.org\/wp-content\/uploads\/2023\/02\/Audilab-Quimper.png\"]]}]},{\"@type\":\"BreadcrumbList\",\"@id\":\"https:\/\/www.auditionsolidarite.org\/wp-content\/uploads\/2023\/02\/Audilab-Quimper.png#breadcrumb\",\"itemListElement\":[{\"@type\":\"ListItem\",\"position\":1,\"name\":\"Accueil\",\"item\":\"https:\/\/www.auditionsolidarite.org\/fr\/\"},{\"@type\":\"ListItem\",\"position\":2,\"name\":\"AUDILAB\",\"item\":\"https:\/\/www.auditionsolidarite.org\/fr\/organisme\/audition-conseil-opale-audition-2-copy-5\/\"},{\"@type\":\"ListItem\",\"position\":3,\"name\":\"Audilab Quimper\"}]},{\"@type\":\"WebSite\",\"@id\":\"https:\/\/www.auditionsolidarite.org\/fr\/#website\",\"url\":\"https:\/\/www.auditionsolidarite.org\/fr\/\",\"name\":\"AuditionSolidarit\u00e9\",\"description\":\"Le hasard n&#039;existe pas ! Si vous \u00eates l\u00e0 aujourd&#039;hui, c&#039;est que le monde de l&#039;audition vous touche... Alors merci d&#039;\u00eatre l\u00e0 !\",\"publisher\":{\"@id\":\"https:\/\/www.auditionsolidarite.org\/fr\/#organization\"},\"potentialAction\":[{\"@type\":\"SearchAction\",\"target\":{\"@type\":\"EntryPoint\",\"urlTemplate\":\"https:\/\/www.auditionsolidarite.org\/fr\/?s={search_term_string}\"},\"query-input\":\"required name=search_term_string\"}],\"inLanguage\":\"fr-FR\"},{\"@type\":\"Organization\",\"@id\":\"https:\/\/www.auditionsolidarite.org\/fr\/#organization\",\"name\":\"AuditionSolidarit\u00e9\",\"url\":\"https:\/\/www.auditionsolidarite.org\/fr\/\",\"logo\":{\"@type\":\"ImageObject\",\"inLanguage\":\"fr-FR\",\"@id\":\"https:\/\/www.auditionsolidarite.org\/fr\/#\/schema\/logo\/image\/\",\"url\":\"https:\/\/www.auditionsolidarite.org\/wp-content\/uploads\/2015\/07\/logo-audition-solidarite-e1446132259721.png\",\"contentUrl\":\"https:\/\/www.auditionsolidarite.org\/wp-content\/uploads\/2015\/07\/logo-audition-solidarite-e1446132259721.png\",\"width\":600,\"height\":593,\"caption\":\"AuditionSolidarit\u00e9\"},\"image\":{\"@id\":\"https:\/\/www.auditionsolidarite.org\/fr\/#\/schema\/logo\/image\/\"}}]}<\/script>\n<!-- \/ Yoast SEO plugin. -->","yoast_head_json":{"title":"Audilab Quimper - AuditionSolidarit\u00e9","robots":{"index":"index","follow":"follow","max-snippet":"max-snippet:-1","max-image-preview":"max-image-preview:large","max-video-preview":"max-video-preview:-1"},"canonical":"https:\/\/www.auditionsolidarite.org\/wp-content\/uploads\/2023\/02\/Audilab-Quimper.png","og_locale":"fr_FR","og_type":"article","og_title":"Audilab Quimper - AuditionSolidarit\u00e9","og_url":"https:\/\/www.auditionsolidarite.org\/wp-content\/uploads\/2023\/02\/Audilab-Quimper.png","og_site_name":"AuditionSolidarit\u00e9","article_modified_time":"2023-02-02T12:56:11+00:00","og_image":[{"width":142,"height":37,"url":"https:\/\/www.auditionsolidarite.org\/wp-content\/uploads\/2023\/02\/Audilab-Quimper.png","type":"image\/png"}],"twitter_card":"summary_large_image","schema":{"@context":"https:\/\/schema.org","@graph":[{"@type":"WebPage","@id":"https:\/\/www.auditionsolidarite.org\/wp-content\/uploads\/2023\/02\/Audilab-Quimper.png","url":"https:\/\/www.auditionsolidarite.org\/wp-content\/uploads\/2023\/02\/Audilab-Quimper.png","name":"Audilab Quimper - AuditionSolidarit\u00e9","isPartOf":{"@id":"https:\/\/www.auditionsolidarite.org\/fr\/#website"},"datePublished":"2023-02-02T12:56:08+00:00","dateModified":"2023-02-02T12:56:11+00:00","breadcrumb":{"@id":"https:\/\/www.auditionsolidarite.org\/wp-content\/uploads\/2023\/02\/Audilab-Quimper.png#breadcrumb"},"inLanguage":"fr-FR","potentialAction":[{"@type":"ReadAction","target":[["https:\/\/www.auditionsolidarite.org\/wp-content\/uploads\/2023\/02\/Audilab-Quimper.png"]]}]},{"@type":"BreadcrumbList","@id":"https:\/\/www.auditionsolidarite.org\/wp-content\/uploads\/2023\/02\/Audilab-Quimper.png#breadcrumb","itemListElement":[{"@type":"ListItem","position":1,"name":"Accueil","item":"https:\/\/www.auditionsolidarite.org\/fr\/"},{"@type":"ListItem","position":2,"name":"AUDILAB","item":"https:\/\/www.auditionsolidarite.org\/fr\/organisme\/audition-conseil-opale-audition-2-copy-5\/"},{"@type":"ListItem","position":3,"name":"Audilab Quimper"}]},{"@type":"WebSite","@id":"https:\/\/www.auditionsolidarite.org\/fr\/#website","url":"https:\/\/www.auditionsolidarite.org\/fr\/","name":"AuditionSolidarit\u00e9","description":"Le hasard n&#039;existe pas ! Si vous \u00eates l\u00e0 aujourd&#039;hui, c&#039;est que le monde de l&#039;audition vous touche... Alors merci d&#039;\u00eatre l\u00e0 !","publisher":{"@id":"https:\/\/www.auditionsolidarite.org\/fr\/#organization"},"potentialAction":[{"@type":"SearchAction","target":{"@type":"EntryPoint","urlTemplate":"https:\/\/www.auditionsolidarite.org\/fr\/?s={search_term_string}"},"query-input":"required name=search_term_string"}],"inLanguage":"fr-FR"},{"@type":"Organization","@id":"https:\/\/www.auditionsolidarite.org\/fr\/#organization","name":"AuditionSolidarit\u00e9","url":"https:\/\/www.auditionsolidarite.org\/fr\/","logo":{"@type":"ImageObject","inLanguage":"fr-FR","@id":"https:\/\/www.auditionsolidarite.org\/fr\/#\/schema\/logo\/image\/","url":"https:\/\/www.auditionsolidarite.org\/wp-content\/uploads\/2015\/07\/logo-audition-solidarite-e1446132259721.png","contentUrl":"https:\/\/www.auditionsolidarite.org\/wp-content\/uploads\/2015\/07\/logo-audition-solidarite-e1446132259721.png","width":600,"height":593,"caption":"AuditionSolidarit\u00e9"},"image":{"@id":"https:\/\/www.auditionsolidarite.org\/fr\/#\/schema\/logo\/image\/"}}]}},"description":{"rendered":"<p class=\"attachment\"><a href='https:\/\/www.auditionsolidarite.org\/wp-content\/uploads\/2023\/02\/Audilab-Quimper.png'><img loading=\"lazy\" decoding=\"async\" width=\"142\" height=\"37\" src=\"https:\/\/www.auditionsolidarite.org\/wp-content\/uploads\/2023\/02\/Audilab-Quimper.png\" class=\"attachment-medium size-medium\" alt=\"\" \/><\/a><\/p>\n"},"caption":{"rendered":""},"alt_text":"","media_type":"image","mime_type":"image\/png","media_details":{"width":142,"height":37,"file":"2023\/02\/Audilab-Quimper.png","sizes":{"category_posts_small_thumb":{"file":"Audilab-Quimper-90x37.png","width":90,"height":37,"mime_type":"image\/png","source_url":"https:\/\/www.auditionsolidarite.org\/wp-content\/uploads\/2023\/02\/Audilab-Quimper-90x37.png"},"widget_post_thumb":{"file":"Audilab-Quimper-75x37.png","width":75,"height":37,"mime_type":"image\/png","source_url":"https:\/\/www.auditionsolidarite.org\/wp-content\/uploads\/2023\/02\/Audilab-Quimper-75x37.png"},"tzwb-thumbnail":{"file":"Audilab-Quimper-75x37.png","width":75,"height":37,"mime_type":"image\/png","source_url":"https:\/\/www.auditionsolidarite.org\/wp-content\/uploads\/2023\/02\/Audilab-Quimper-75x37.png"},"full":{"file":"Audilab-Quimper.png","width":142,"height":37,"mime_type":"image\/png","source_url":"https:\/\/www.auditionsolidarite.org\/wp-content\/uploads\/2023\/02\/Audilab-Quimper.png"}},"image_meta":{"aperture":"0","credit":"","camera":"","caption":"","created_timestamp":"0","copyright":"","focal_length":"0","iso":"0","shutter_speed":"0","title":"","orientation":"0","keywords":[]}},"post":9279,"source_url":"https:\/\/www.auditionsolidarite.org\/wp-content\/uploads\/2023\/02\/Audilab-Quimper.png","_links":{"self":[{"href":"https:\/\/www.auditionsolidarite.org\/fr\/wp-json\/wp\/v2\/media\/9280"}],"collection":[{"href":"https:\/\/www.auditionsolidarite.org\/fr\/wp-json\/wp\/v2\/media"}],"about":[{"href":"https:\/\/www.auditionsolidarite.org\/fr\/wp-json\/wp\/v2\/types\/attachment"}],"author":[{"embeddable":true,"href":"https:\/\/www.auditionsolidarite.org\/fr\/wp-json\/wp\/v2\/users\/2"}]}}

<!-- This site is optimized with the Yoast SEO plugin v21.9.1 - https://yoast.com/wordpress/plugins/seo/ -->
<title>Audilab Quimper - AuditionSolidarité</title>
<meta name="robots" content="index, follow, max-snippet:-1, max-image-preview:large, max-video-preview:-1" />
<link rel="canonical" href="https://www.auditionsolidarite.org/wp-content/uploads/2023/02/Audilab-Quimper.png" />
<meta property="og:locale" content="fr_FR" />
<meta property="og:type" content="article" />
<meta property="og:title" content="Audilab Quimper - AuditionSolidarité" />
<meta property="og:url" content="https://www.auditionsolidarite.org/wp-content/uploads/2023/02/Audilab-Quimper.png" />
<meta property="og:site_name" content="AuditionSolidarité" />
<meta property="article:modified_time" content="2023-02-02T12:56:11+00:00" />
<meta property="og:image" content="https://www.auditionsolidarite.org/wp-content/uploads/2023/02/Audilab-Quimper.png" />
	<meta property="og:image:width" content="142" />
	<meta property="og:image:height" content="37" />
	<meta property="og:image:type" content="image/png" />
<meta name="twitter:card" content="summary_large_image" />
<script type="application/ld+json" class="yoast-schema-graph">{"@context":"https://schema.org","@graph":[{"@type":"WebPage","@id":"https://www.auditionsolidarite.org/wp-content/uploads/2023/02/Audilab-Quimper.png","url":"https://www.auditionsolidarite.org/wp-content/uploads/2023/02/Audilab-Quimper.png","name":"Audilab Quimper - AuditionSolidarité","isPartOf":{"@id":"https://www.auditionsolidarite.org/fr/#website"},"datePublished":"2023-02-02T12:56:08+00:00","dateModified":"2023-02-02T12:56:11+00:00","breadcrumb":{"@id":"https://www.auditionsolidarite.org/wp-content/uploads/2023/02/Audilab-Quimper.png#breadcrumb"},"inLanguage":"fr-FR","potentialAction":[{"@type":"ReadAction","target":[["https://www.auditionsolidarite.org/wp-content/uploads/2023/02/Audilab-Quimper.png"]]}]},{"@type":"BreadcrumbList","@id":"https://www.auditionsolidarite.org/wp-content/uploads/2023/02/Audilab-Quimper.png#breadcrumb","itemListElement":[{"@type":"ListItem","position":1,"name":"Accueil","item":"https://www.auditionsolidarite.org/fr/"},{"@type":"ListItem","position":2,"name":"AUDILAB","item":"https://www.auditionsolidarite.org/fr/organisme/audition-conseil-opale-audition-2-copy-5/"},{"@type":"ListItem","position":3,"name":"Audilab Quimper"}]},{"@type":"WebSite","@id":"https://www.auditionsolidarite.org/fr/#website","url":"https://www.auditionsolidarite.org/fr/","name":"AuditionSolidarité","description":"Le hasard n&#039;existe pas ! Si vous êtes là aujourd&#039;hui, c&#039;est que le monde de l&#039;audition vous touche... Alors merci d&#039;être là !","publisher":{"@id":"https://www.auditionsolidarite.org/fr/#organization"},"potentialAction":[{"@type":"SearchAction","target":{"@type":"EntryPoint","urlTemplate":"https://www.auditionsolidarite.org/fr/?s={search_term_string}"},"query-input":"required name=search_term_string"}],"inLanguage":"fr-FR"},{"@type":"Organization","@id":"https://www.auditionsolidarite.org/fr/#organization","name":"AuditionSolidarité","url":"https://www.auditionsolidarite.org/fr/","logo":{"@type":"ImageObject","inLanguage":"fr-FR","@id":"https://www.auditionsolidarite.org/fr/#/schema/logo/image/","url":"https://www.auditionsolidarite.org/wp-content/uploads/2015/07/logo-audition-solidarite-e1446132259721.png","contentUrl":"https://www.auditionsolidarite.org/wp-content/uploads/2015/07/logo-audition-solidarite-e1446132259721.png","width":600,"height":593,"caption":"AuditionSolidarité"},"image":{"@id":"https://www.auditionsolidarite.org/fr/#/schema/logo/image/"}}]}</script>
<!-- / Yoast SEO plugin. -->

Audilab Quimper - AuditionSolidarité

AuditionSolidarité

Le hasard n&#039;existe pas ! Si vous êtes là aujourd&#039;hui, c&#039;est que le monde de l&#039;audition vous touche... Alors merci d&#039;être là !
