{"version":"1.0","provider_name":"AuditionSolidarit\u00e9","provider_url":"https:\/\/www.auditionsolidarite.org\/fr","author_name":"Audition Solidarit\u00e9 (\u00c9diteur)","author_url":"https:\/\/www.auditionsolidarite.org\/fr","title":"Notre derni\u00e8re mission Paris - AuditionSolidarit\u00e9","type":"rich","width":600,"height":338,"html":"<blockquote class=\"wp-embedded-content\" data-secret=\"P1ewEKrBGR\"><a href=\"https:\/\/www.auditionsolidarite.org\/fr\/notre-derniere-mission-paris\/\">Notre derni\u00e8re mission Paris<\/a><\/blockquote><iframe sandbox=\"allow-scripts\" security=\"restricted\" src=\"https:\/\/www.auditionsolidarite.org\/fr\/notre-derniere-mission-paris\/embed\/#?secret=P1ewEKrBGR\" width=\"600\" height=\"338\" title=\"\u00ab\u00a0Notre derni\u00e8re mission Paris\u00a0\u00bb &#8212; AuditionSolidarit\u00e9\" data-secret=\"P1ewEKrBGR\" frameborder=\"0\" marginwidth=\"0\" marginheight=\"0\" scrolling=\"no\" class=\"wp-embedded-content\"><\/iframe><script type=\"text\/javascript\">\n\/* <![CDATA[ *\/\n\/*! This file is auto-generated *\/\n!function(d,l){\"use strict\";l.querySelector&&d.addEventListener&&\"undefined\"!=typeof URL&&(d.wp=d.wp||{},d.wp.receiveEmbedMessage||(d.wp.receiveEmbedMessage=function(e){var t=e.data;if((t||t.secret||t.message||t.value)&&!\/[^a-zA-Z0-9]\/.test(t.secret)){for(var s,r,n,a=l.querySelectorAll('iframe[data-secret=\"'+t.secret+'\"]'),o=l.querySelectorAll('blockquote[data-secret=\"'+t.secret+'\"]'),c=new RegExp(\"^https?:$\",\"i\"),i=0;i<o.length;i++)o[i].style.display=\"none\";for(i=0;i<a.length;i++)s=a[i],e.source===s.contentWindow&&(s.removeAttribute(\"style\"),\"height\"===t.message?(1e3<(r=parseInt(t.value,10))?r=1e3:~~r<200&&(r=200),s.height=r):\"link\"===t.message&&(r=new URL(s.getAttribute(\"src\")),n=new URL(t.value),c.test(n.protocol))&&n.host===r.host&&l.activeElement===s&&(d.top.location.href=t.value))}},d.addEventListener(\"message\",d.wp.receiveEmbedMessage,!1),l.addEventListener(\"DOMContentLoaded\",function(){for(var e,t,s=l.querySelectorAll(\"iframe.wp-embedded-content\"),r=0;r<s.length;r++)(t=(e=s[r]).getAttribute(\"data-secret\"))||(t=Math.random().toString(36).substring(2,12),e.src+=\"#?secret=\"+t,e.setAttribute(\"data-secret\",t)),e.contentWindow.postMessage({message:\"ready\",secret:t},\"*\")},!1)))}(window,document);\n\/* ]]> *\/\n<\/script>\n","description":"R\u00e9cap&#8217; de la mission du 10 au 13 mars 2026 \u00e0 Paris C\u2019est la premi\u00e8re fois que la barre symbolique des 200 personnes accueillies est franchie. Une affluence en constante augmentation, reflet d\u2019une pr\u00e9carit\u00e9 bien r\u00e9elle, ce qui nous inqui\u00e8te et qui souligne, une fois de plus, toute l\u2019utilit\u00e9 d\u2019une telle action humanitaire. Un grand merci \u00e0 nos m\u00e9c\u00e8nes et","thumbnail_url":"https:\/\/static.xx.fbcdn.net\/images\/emoji.php\/v9\/t68\/1\/16\/1f495.png"}

AuditionSolidarité

Audition Solidarité (Éditeur)

Notre dernière mission Paris - AuditionSolidarité

<blockquote class="wp-embedded-content" data-secret="P1ewEKrBGR"><a href="https://www.auditionsolidarite.org/fr/notre-derniere-mission-paris/">Notre dernière mission Paris</a></blockquote><iframe sandbox="allow-scripts" security="restricted" src="https://www.auditionsolidarite.org/fr/notre-derniere-mission-paris/embed/#?secret=P1ewEKrBGR" width="600" height="338" title="« Notre dernière mission Paris » &#8212; AuditionSolidarité" data-secret="P1ewEKrBGR" frameborder="0" marginwidth="0" marginheight="0" scrolling="no" class="wp-embedded-content"></iframe><script type="text/javascript">
/* <![CDATA[ */
/*! This file is auto-generated */
!function(d,l){"use strict";l.querySelector&&d.addEventListener&&"undefined"!=typeof URL&&(d.wp=d.wp||{},d.wp.receiveEmbedMessage||(d.wp.receiveEmbedMessage=function(e){var t=e.data;if((t||t.secret||t.message||t.value)&&!/[^a-zA-Z0-9]/.test(t.secret)){for(var s,r,n,a=l.querySelectorAll('iframe[data-secret="'+t.secret+'"]'),o=l.querySelectorAll('blockquote[data-secret="'+t.secret+'"]'),c=new RegExp("^https?:$","i"),i=0;i<o.length;i++)o[i].style.display="none";for(i=0;i<a.length;i++)s=a[i],e.source===s.contentWindow&&(s.removeAttribute("style"),"height"===t.message?(1e3<(r=parseInt(t.value,10))?r=1e3:~~r<200&&(r=200),s.height=r):"link"===t.message&&(r=new URL(s.getAttribute("src")),n=new URL(t.value),c.test(n.protocol))&&n.host===r.host&&l.activeElement===s&&(d.top.location.href=t.value))}},d.addEventListener("message",d.wp.receiveEmbedMessage,!1),l.addEventListener("DOMContentLoaded",function(){for(var e,t,s=l.querySelectorAll("iframe.wp-embedded-content"),r=0;r<s.length;r++)(t=(e=s[r]).getAttribute("data-secret"))||(t=Math.random().toString(36).substring(2,12),e.src+="#?secret="+t,e.setAttribute("data-secret",t)),e.contentWindow.postMessage({message:"ready",secret:t},"*")},!1)))}(window,document);
/* ]]> */
</script>

Récap&#8217; de la mission du 10 au 13 mars 2026 à Paris C’est la première fois que la barre symbolique des 200 personnes accueillies est franchie. Une affluence en constante augmentation, reflet d’une précarité bien réelle, ce qui nous inquiète et qui souligne, une fois de plus, toute l’utilité d’une telle action humanitaire. Un grand merci à nos mécènes et
