{"id":4286,"date":"2015-10-28T10:00:13","date_gmt":"2015-10-28T09:00:13","guid":{"rendered":"http:\/\/demo.auditionsolidarite.org\/fr\/?page_id=4286"},"modified":"2015-10-28T10:00:13","modified_gmt":"2015-10-28T09:00:13","slug":"mission-humanitaire-cameroun-yaounde-2012","status":"publish","type":"page","link":"https:\/\/www.auditionsolidarite.org\/en\/mission-humanitaire-cameroun-yaounde-2012\/","title":{"rendered":"(Fran\u00e7ais) Mission Humanitaire Cameroun &#8211; Yaound\u00e9 2012"},"content":{"rendered":"<p class=\"qtranxs-available-languages-message qtranxs-available-languages-message-en\">Sorry, this entry is only available in <a href=\"https:\/\/www.auditionsolidarite.org\/fr\/wp-json\/wp\/v2\/pages\/4286\" class=\"qtranxs-available-language-link qtranxs-available-language-link-fr\" title=\"Fran\u00e7ais\">French<\/a>.<\/p><h6>Mission humanitaire Cameroun &#8211; Yaound\u00e9 mars 2012<\/h6>\n<p style=\"text-align: justify;\">Mission \u00e0 l&#8217;ESEDA, \u00c9cole Sp\u00e9cialis\u00e9e pour Enfants D\u00e9ficients Auditifs 154 enfants appareill\u00e9s, 208 appareils auditifs adapt\u00e9s et 208 embouts sur mesure fabriqu\u00e9s sur place.<\/p>\n<p style=\"text-align: justify;\">Merci \u00e0 tous !<br \/>\nMission r\u00e9ussie avec une \u00e9quipe de 9 personnes :<br \/>\nJean-Pierre Fogel, Alain Rosette, Cyril Cornu et Christine Bourger, audioproth\u00e9sistes<br \/>\nClotilde Faure et Claire Barilly, orthophonistes<br \/>\nC\u00e9line Dupouy, Odile et Carole pour la logistiqu<b><br \/>\n<\/b><b><br \/>\n<\/b><\/p>\n<p style=\"text-align: center;\"><strong>Vid\u00e9o de la mission<\/strong><\/p>\n<p style=\"text-align: center;\"><iframe loading=\"lazy\" src=\"https:\/\/www.youtube.com\/embed\/L2dwzShPI50\" width=\"515\" height=\"386\" frameborder=\"0\" allowfullscreen=\"allowfullscreen\"><\/iframe><b><br \/>\n<\/b><b><br \/>\n<\/b><b><br \/>\n<\/b><\/p>\n<p style=\"text-align: center;\"><strong>Interviews post-mission<\/strong><\/p>\n<table>\n<tbody>\n<tr>\n<td style=\"text-align: center; vertical-align: middle;\">Jean-Pierre Fogel &#8211; audioproth\u00e9siste<br \/>\n<iframe loading=\"lazy\" src=\"https:\/\/www.youtube.com\/embed\/TYyC8_32j4g\" width=\"260\" height=\"170\" frameborder=\"0\" allowfullscreen=\"allowfullscreen\"><\/iframe><\/td>\n<td style=\"text-align: center; vertical-align: middle;\">\u00a0Alain Rosette &#8211; audioproth\u00e9siste<br \/>\n<iframe loading=\"lazy\" src=\"https:\/\/www.youtube.com\/embed\/yvzDzVmX7ng\" width=\"260\" height=\"170\" frameborder=\"0\" allowfullscreen=\"allowfullscreen\"><\/iframe><\/td>\n<td style=\"text-align: center; vertical-align: middle;\">C\u00e9line Dupouy\u00a0 &#8211; secr\u00e9tariat<br \/>\n<iframe loading=\"lazy\" src=\"https:\/\/www.youtube.com\/embed\/576MqweNwHE\" width=\"260\" height=\"170\" frameborder=\"0\" allowfullscreen=\"allowfullscreen\"><\/iframe><\/td>\n<\/tr>\n<tr>\n<td style=\"text-align: center; vertical-align: middle;\">\u00a0Cyril Cornu &#8211; audioproth\u00e9siste<br \/>\n<iframe loading=\"lazy\" src=\"https:\/\/www.youtube.com\/embed\/FfuyRwu6TwI\" width=\"260\" height=\"170\" frameborder=\"0\" allowfullscreen=\"allowfullscreen\"><\/iframe><\/td>\n<td style=\"text-align: center; vertical-align: middle;\">\u00a0Claire Barilly &#8211; orthophoniste<br \/>\n<iframe loading=\"lazy\" src=\"https:\/\/www.youtube.com\/embed\/jslvZWE3kek\" width=\"260\" height=\"170\" frameborder=\"0\" allowfullscreen=\"allowfullscreen\"><\/iframe><\/td>\n<td style=\"text-align: center; vertical-align: middle;\">\u00a0Clotilde Faure &#8211; orthophoniste<br \/>\n<iframe loading=\"lazy\" src=\"https:\/\/www.youtube.com\/embed\/X8YMw4H7G98\" width=\"260\" height=\"170\" frameborder=\"0\" allowfullscreen=\"allowfullscreen\"><\/iframe><\/td>\n<\/tr>\n<\/tbody>\n<\/table>","protected":false},"excerpt":{"rendered":"<p>Sorry, this entry is only available in French.Mission humanitaire Cameroun &#8211; Yaound\u00e9 mars 2012 Mission \u00e0 l&#8217;ESEDA, \u00c9cole Sp\u00e9cialis\u00e9e pour Enfants D\u00e9ficients Auditifs 154 enfants appareill\u00e9s, 208 appareils auditifs adapt\u00e9s et 208 embouts sur mesure fabriqu\u00e9s sur place. Merci \u00e0 tous ! Mission r\u00e9ussie avec une \u00e9quipe de 9 personnes : Jean-Pierre Fogel, Alain Rosette, Cyril Cornu et Christine Bourger,<\/p>\n","protected":false},"author":2,"featured_media":0,"parent":0,"menu_order":0,"comment_status":"closed","ping_status":"closed","template":"","meta":{"footnotes":""},"acf":[],"yoast_head":"<!-- This site is optimized with the Yoast SEO plugin v21.9.1 - https:\/\/yoast.com\/wordpress\/plugins\/seo\/ -->\n<title>(Fran\u00e7ais) Mission Humanitaire Cameroun - Yaound\u00e9 2012 - AuditionSolidarit\u00e9<\/title>\n<meta name=\"robots\" content=\"index, follow, max-snippet:-1, max-image-preview:large, max-video-preview:-1\" \/>\n<link rel=\"canonical\" href=\"https:\/\/www.auditionsolidarite.org\/en\/mission-humanitaire-cameroun-yaounde-2012\/\" \/>\n<meta property=\"og:locale\" content=\"en_US\" \/>\n<meta property=\"og:type\" content=\"article\" \/>\n<meta property=\"og:title\" content=\"(Fran\u00e7ais) Mission Humanitaire Cameroun - Yaound\u00e9 2012 - AuditionSolidarit\u00e9\" \/>\n<meta property=\"og:description\" content=\"Sorry, this entry is only available in French.Mission humanitaire Cameroun &#8211; Yaound\u00e9 mars 2012 Mission \u00e0 l&#8217;ESEDA, \u00c9cole Sp\u00e9cialis\u00e9e pour Enfants D\u00e9ficients Auditifs 154 enfants appareill\u00e9s, 208 appareils auditifs adapt\u00e9s et 208 embouts sur mesure fabriqu\u00e9s sur place. Merci \u00e0 tous ! Mission r\u00e9ussie avec une \u00e9quipe de 9 personnes : Jean-Pierre Fogel, Alain Rosette, Cyril Cornu et Christine Bourger,\" \/>\n<meta property=\"og:url\" content=\"https:\/\/www.auditionsolidarite.org\/en\/mission-humanitaire-cameroun-yaounde-2012\/\" \/>\n<meta property=\"og:site_name\" content=\"AuditionSolidarit\u00e9\" \/>\n<meta property=\"og:image\" content=\"https:\/\/www.auditionsolidarite.org\/wp-content\/uploads\/2015\/07\/logo-audition-solidarite-e1446132259721.png\" \/>\n\t<meta property=\"og:image:width\" content=\"600\" \/>\n\t<meta property=\"og:image:height\" content=\"593\" \/>\n\t<meta property=\"og:image:type\" content=\"image\/png\" \/>\n<meta name=\"twitter:card\" content=\"summary_large_image\" \/>\n<meta name=\"twitter:label1\" content=\"Est. reading time\" \/>\n\t<meta name=\"twitter:data1\" content=\"1 minute\" \/>\n<script type=\"application\/ld+json\" class=\"yoast-schema-graph\">{\"@context\":\"https:\/\/schema.org\",\"@graph\":[{\"@type\":\"WebPage\",\"@id\":\"https:\/\/www.auditionsolidarite.org\/en\/mission-humanitaire-cameroun-yaounde-2012\/\",\"url\":\"https:\/\/www.auditionsolidarite.org\/en\/mission-humanitaire-cameroun-yaounde-2012\/\",\"name\":\"(Fran\u00e7ais) Mission Humanitaire Cameroun - Yaound\u00e9 2012 - AuditionSolidarit\u00e9\",\"isPartOf\":{\"@id\":\"https:\/\/www.auditionsolidarite.org\/en\/#website\"},\"datePublished\":\"2015-10-28T09:00:13+00:00\",\"dateModified\":\"2015-10-28T09:00:13+00:00\",\"breadcrumb\":{\"@id\":\"https:\/\/www.auditionsolidarite.org\/en\/mission-humanitaire-cameroun-yaounde-2012\/#breadcrumb\"},\"inLanguage\":\"en-US\",\"potentialAction\":[{\"@type\":\"ReadAction\",\"target\":[[\"https:\/\/www.auditionsolidarite.org\/en\/mission-humanitaire-cameroun-yaounde-2012\/\"]]}]},{\"@type\":\"BreadcrumbList\",\"@id\":\"https:\/\/www.auditionsolidarite.org\/en\/mission-humanitaire-cameroun-yaounde-2012\/#breadcrumb\",\"itemListElement\":[{\"@type\":\"ListItem\",\"position\":1,\"name\":\"Accueil\",\"item\":\"https:\/\/www.auditionsolidarite.org\/en\/\"},{\"@type\":\"ListItem\",\"position\":2,\"name\":\"Mission Humanitaire Cameroun &#8211; Yaound\u00e9 2012\"}]},{\"@type\":\"WebSite\",\"@id\":\"https:\/\/www.auditionsolidarite.org\/en\/#website\",\"url\":\"https:\/\/www.auditionsolidarite.org\/en\/\",\"name\":\"AuditionSolidarit\u00e9\",\"description\":\"Le hasard n&#039;existe pas ! Si vous \u00eates l\u00e0 aujourd&#039;hui, c&#039;est que le monde de l&#039;audition vous touche... Alors merci d&#039;\u00eatre l\u00e0 !\",\"publisher\":{\"@id\":\"https:\/\/www.auditionsolidarite.org\/en\/#organization\"},\"potentialAction\":[{\"@type\":\"SearchAction\",\"target\":{\"@type\":\"EntryPoint\",\"urlTemplate\":\"https:\/\/www.auditionsolidarite.org\/en\/?s={search_term_string}\"},\"query-input\":\"required name=search_term_string\"}],\"inLanguage\":\"en-US\"},{\"@type\":\"Organization\",\"@id\":\"https:\/\/www.auditionsolidarite.org\/en\/#organization\",\"name\":\"AuditionSolidarit\u00e9\",\"url\":\"https:\/\/www.auditionsolidarite.org\/en\/\",\"logo\":{\"@type\":\"ImageObject\",\"inLanguage\":\"en-US\",\"@id\":\"https:\/\/www.auditionsolidarite.org\/en\/#\/schema\/logo\/image\/\",\"url\":\"https:\/\/www.auditionsolidarite.org\/wp-content\/uploads\/2015\/07\/logo-audition-solidarite-e1446132259721.png\",\"contentUrl\":\"https:\/\/www.auditionsolidarite.org\/wp-content\/uploads\/2015\/07\/logo-audition-solidarite-e1446132259721.png\",\"width\":600,\"height\":593,\"caption\":\"AuditionSolidarit\u00e9\"},\"image\":{\"@id\":\"https:\/\/www.auditionsolidarite.org\/en\/#\/schema\/logo\/image\/\"}}]}<\/script>\n<!-- \/ Yoast SEO plugin. -->","yoast_head_json":{"title":"(Fran\u00e7ais) Mission Humanitaire Cameroun - Yaound\u00e9 2012 - AuditionSolidarit\u00e9","robots":{"index":"index","follow":"follow","max-snippet":"max-snippet:-1","max-image-preview":"max-image-preview:large","max-video-preview":"max-video-preview:-1"},"canonical":"https:\/\/www.auditionsolidarite.org\/en\/mission-humanitaire-cameroun-yaounde-2012\/","og_locale":"en_US","og_type":"article","og_title":"(Fran\u00e7ais) Mission Humanitaire Cameroun - Yaound\u00e9 2012 - AuditionSolidarit\u00e9","og_description":"Sorry, this entry is only available in French.Mission humanitaire Cameroun &#8211; Yaound\u00e9 mars 2012 Mission \u00e0 l&#8217;ESEDA, \u00c9cole Sp\u00e9cialis\u00e9e pour Enfants D\u00e9ficients Auditifs 154 enfants appareill\u00e9s, 208 appareils auditifs adapt\u00e9s et 208 embouts sur mesure fabriqu\u00e9s sur place. Merci \u00e0 tous ! Mission r\u00e9ussie avec une \u00e9quipe de 9 personnes : Jean-Pierre Fogel, Alain Rosette, Cyril Cornu et Christine Bourger,","og_url":"https:\/\/www.auditionsolidarite.org\/en\/mission-humanitaire-cameroun-yaounde-2012\/","og_site_name":"AuditionSolidarit\u00e9","og_image":[{"width":600,"height":593,"url":"https:\/\/www.auditionsolidarite.org\/wp-content\/uploads\/2015\/07\/logo-audition-solidarite-e1446132259721.png","type":"image\/png"}],"twitter_card":"summary_large_image","twitter_misc":{"Est. reading time":"1 minute"},"schema":{"@context":"https:\/\/schema.org","@graph":[{"@type":"WebPage","@id":"https:\/\/www.auditionsolidarite.org\/en\/mission-humanitaire-cameroun-yaounde-2012\/","url":"https:\/\/www.auditionsolidarite.org\/en\/mission-humanitaire-cameroun-yaounde-2012\/","name":"(Fran\u00e7ais) Mission Humanitaire Cameroun - Yaound\u00e9 2012 - AuditionSolidarit\u00e9","isPartOf":{"@id":"https:\/\/www.auditionsolidarite.org\/en\/#website"},"datePublished":"2015-10-28T09:00:13+00:00","dateModified":"2015-10-28T09:00:13+00:00","breadcrumb":{"@id":"https:\/\/www.auditionsolidarite.org\/en\/mission-humanitaire-cameroun-yaounde-2012\/#breadcrumb"},"inLanguage":"en-US","potentialAction":[{"@type":"ReadAction","target":[["https:\/\/www.auditionsolidarite.org\/en\/mission-humanitaire-cameroun-yaounde-2012\/"]]}]},{"@type":"BreadcrumbList","@id":"https:\/\/www.auditionsolidarite.org\/en\/mission-humanitaire-cameroun-yaounde-2012\/#breadcrumb","itemListElement":[{"@type":"ListItem","position":1,"name":"Accueil","item":"https:\/\/www.auditionsolidarite.org\/en\/"},{"@type":"ListItem","position":2,"name":"Mission Humanitaire Cameroun &#8211; Yaound\u00e9 2012"}]},{"@type":"WebSite","@id":"https:\/\/www.auditionsolidarite.org\/en\/#website","url":"https:\/\/www.auditionsolidarite.org\/en\/","name":"AuditionSolidarit\u00e9","description":"Le hasard n&#039;existe pas ! Si vous \u00eates l\u00e0 aujourd&#039;hui, c&#039;est que le monde de l&#039;audition vous touche... Alors merci d&#039;\u00eatre l\u00e0 !","publisher":{"@id":"https:\/\/www.auditionsolidarite.org\/en\/#organization"},"potentialAction":[{"@type":"SearchAction","target":{"@type":"EntryPoint","urlTemplate":"https:\/\/www.auditionsolidarite.org\/en\/?s={search_term_string}"},"query-input":"required name=search_term_string"}],"inLanguage":"en-US"},{"@type":"Organization","@id":"https:\/\/www.auditionsolidarite.org\/en\/#organization","name":"AuditionSolidarit\u00e9","url":"https:\/\/www.auditionsolidarite.org\/en\/","logo":{"@type":"ImageObject","inLanguage":"en-US","@id":"https:\/\/www.auditionsolidarite.org\/en\/#\/schema\/logo\/image\/","url":"https:\/\/www.auditionsolidarite.org\/wp-content\/uploads\/2015\/07\/logo-audition-solidarite-e1446132259721.png","contentUrl":"https:\/\/www.auditionsolidarite.org\/wp-content\/uploads\/2015\/07\/logo-audition-solidarite-e1446132259721.png","width":600,"height":593,"caption":"AuditionSolidarit\u00e9"},"image":{"@id":"https:\/\/www.auditionsolidarite.org\/en\/#\/schema\/logo\/image\/"}}]}},"_links":{"self":[{"href":"https:\/\/www.auditionsolidarite.org\/en\/wp-json\/wp\/v2\/pages\/4286"}],"collection":[{"href":"https:\/\/www.auditionsolidarite.org\/en\/wp-json\/wp\/v2\/pages"}],"about":[{"href":"https:\/\/www.auditionsolidarite.org\/en\/wp-json\/wp\/v2\/types\/page"}],"author":[{"embeddable":true,"href":"https:\/\/www.auditionsolidarite.org\/en\/wp-json\/wp\/v2\/users\/2"}],"replies":[{"embeddable":true,"href":"https:\/\/www.auditionsolidarite.org\/en\/wp-json\/wp\/v2\/comments?post=4286"}],"version-history":[{"count":1,"href":"https:\/\/www.auditionsolidarite.org\/en\/wp-json\/wp\/v2\/pages\/4286\/revisions"}],"predecessor-version":[{"id":4291,"href":"https:\/\/www.auditionsolidarite.org\/en\/wp-json\/wp\/v2\/pages\/4286\/revisions\/4291"}],"wp:attachment":[{"href":"https:\/\/www.auditionsolidarite.org\/en\/wp-json\/wp\/v2\/media?parent=4286"}],"curies":[{"name":"wp","href":"https:\/\/api.w.org\/{rel}","templated":true}]}}

(Français) Mission Humanitaire Cameroun &#8211; Yaoundé 2012

<p class="qtranxs-available-languages-message qtranxs-available-languages-message-en">Sorry, this entry is only available in <a href="https://www.auditionsolidarite.org/fr/wp-json/wp/v2/pages/4286" class="qtranxs-available-language-link qtranxs-available-language-link-fr" title="Français">French</a>.</p><h6>Mission humanitaire Cameroun &#8211; Yaoundé mars 2012</h6>
<p style="text-align: justify;">Mission à l&#8217;ESEDA, École Spécialisée pour Enfants Déficients Auditifs 154 enfants appareillés, 208 appareils auditifs adaptés et 208 embouts sur mesure fabriqués sur place.</p>
<p style="text-align: justify;">Merci à tous !<br />
Mission réussie avec une équipe de 9 personnes :<br />
Jean-Pierre Fogel, Alain Rosette, Cyril Cornu et Christine Bourger, audioprothésistes<br />
Clotilde Faure et Claire Barilly, orthophonistes<br />
Céline Dupouy, Odile et Carole pour la logistiqu<b><br />
</b><b><br />
</b></p>
<p style="text-align: center;"><strong>Vidéo de la mission</strong></p>
<p style="text-align: center;"><iframe loading="lazy" src="https://www.youtube.com/embed/L2dwzShPI50" width="515" height="386" frameborder="0" allowfullscreen="allowfullscreen"></iframe><b><br />
</b><b><br />
</b><b><br />
</b></p>
<p style="text-align: center;"><strong>Interviews post-mission</strong></p>
<table>
<tbody>
<tr>
<td style="text-align: center; vertical-align: middle;">Jean-Pierre Fogel &#8211; audioprothésiste<br />
<iframe loading="lazy" src="https://www.youtube.com/embed/TYyC8_32j4g" width="260" height="170" frameborder="0" allowfullscreen="allowfullscreen"></iframe></td>
<td style="text-align: center; vertical-align: middle;"> Alain Rosette &#8211; audioprothésiste<br />
<iframe loading="lazy" src="https://www.youtube.com/embed/yvzDzVmX7ng" width="260" height="170" frameborder="0" allowfullscreen="allowfullscreen"></iframe></td>
<td style="text-align: center; vertical-align: middle;">Céline Dupouy  &#8211; secrétariat<br />
<iframe loading="lazy" src="https://www.youtube.com/embed/576MqweNwHE" width="260" height="170" frameborder="0" allowfullscreen="allowfullscreen"></iframe></td>
</tr>
<tr>
<td style="text-align: center; vertical-align: middle;"> Cyril Cornu &#8211; audioprothésiste<br />
<iframe loading="lazy" src="https://www.youtube.com/embed/FfuyRwu6TwI" width="260" height="170" frameborder="0" allowfullscreen="allowfullscreen"></iframe></td>
<td style="text-align: center; vertical-align: middle;"> Claire Barilly &#8211; orthophoniste<br />
<iframe loading="lazy" src="https://www.youtube.com/embed/jslvZWE3kek" width="260" height="170" frameborder="0" allowfullscreen="allowfullscreen"></iframe></td>
<td style="text-align: center; vertical-align: middle;"> Clotilde Faure &#8211; orthophoniste<br />
<iframe loading="lazy" src="https://www.youtube.com/embed/X8YMw4H7G98" width="260" height="170" frameborder="0" allowfullscreen="allowfullscreen"></iframe></td>
</tr>
</tbody>
</table>

<p>Sorry, this entry is only available in French.Mission humanitaire Cameroun &#8211; Yaoundé mars 2012 Mission à l&#8217;ESEDA, École Spécialisée pour Enfants Déficients Auditifs 154 enfants appareillés, 208 appareils auditifs adaptés et 208 embouts sur mesure fabriqués sur place. Merci à tous ! Mission réussie avec une équipe de 9 personnes : Jean-Pierre Fogel, Alain Rosette, Cyril Cornu et Christine Bourger,</p>

<!-- This site is optimized with the Yoast SEO plugin v21.9.1 - https://yoast.com/wordpress/plugins/seo/ -->
<title>(Français) Mission Humanitaire Cameroun - Yaoundé 2012 - AuditionSolidarité</title>
<meta name="robots" content="index, follow, max-snippet:-1, max-image-preview:large, max-video-preview:-1" />
<link rel="canonical" href="https://www.auditionsolidarite.org/en/mission-humanitaire-cameroun-yaounde-2012/" />
<meta property="og:locale" content="en_US" />
<meta property="og:type" content="article" />
<meta property="og:title" content="(Français) Mission Humanitaire Cameroun - Yaoundé 2012 - AuditionSolidarité" />
<meta property="og:description" content="Sorry, this entry is only available in French.Mission humanitaire Cameroun &#8211; Yaoundé mars 2012 Mission à l&#8217;ESEDA, École Spécialisée pour Enfants Déficients Auditifs 154 enfants appareillés, 208 appareils auditifs adaptés et 208 embouts sur mesure fabriqués sur place. Merci à tous ! Mission réussie avec une équipe de 9 personnes : Jean-Pierre Fogel, Alain Rosette, Cyril Cornu et Christine Bourger," />
<meta property="og:url" content="https://www.auditionsolidarite.org/en/mission-humanitaire-cameroun-yaounde-2012/" />
<meta property="og:site_name" content="AuditionSolidarité" />
<meta property="og:image" content="https://www.auditionsolidarite.org/wp-content/uploads/2015/07/logo-audition-solidarite-e1446132259721.png" />
	<meta property="og:image:width" content="600" />
	<meta property="og:image:height" content="593" />
	<meta property="og:image:type" content="image/png" />
<meta name="twitter:card" content="summary_large_image" />
<meta name="twitter:label1" content="Est. reading time" />
	<meta name="twitter:data1" content="1 minute" />
<script type="application/ld+json" class="yoast-schema-graph">{"@context":"https://schema.org","@graph":[{"@type":"WebPage","@id":"https://www.auditionsolidarite.org/en/mission-humanitaire-cameroun-yaounde-2012/","url":"https://www.auditionsolidarite.org/en/mission-humanitaire-cameroun-yaounde-2012/","name":"(Français) Mission Humanitaire Cameroun - Yaoundé 2012 - AuditionSolidarité","isPartOf":{"@id":"https://www.auditionsolidarite.org/en/#website"},"datePublished":"2015-10-28T09:00:13+00:00","dateModified":"2015-10-28T09:00:13+00:00","breadcrumb":{"@id":"https://www.auditionsolidarite.org/en/mission-humanitaire-cameroun-yaounde-2012/#breadcrumb"},"inLanguage":"en-US","potentialAction":[{"@type":"ReadAction","target":[["https://www.auditionsolidarite.org/en/mission-humanitaire-cameroun-yaounde-2012/"]]}]},{"@type":"BreadcrumbList","@id":"https://www.auditionsolidarite.org/en/mission-humanitaire-cameroun-yaounde-2012/#breadcrumb","itemListElement":[{"@type":"ListItem","position":1,"name":"Accueil","item":"https://www.auditionsolidarite.org/en/"},{"@type":"ListItem","position":2,"name":"Mission Humanitaire Cameroun &#8211; Yaoundé 2012"}]},{"@type":"WebSite","@id":"https://www.auditionsolidarite.org/en/#website","url":"https://www.auditionsolidarite.org/en/","name":"AuditionSolidarité","description":"Le hasard n&#039;existe pas ! Si vous êtes là aujourd&#039;hui, c&#039;est que le monde de l&#039;audition vous touche... Alors merci d&#039;être là !","publisher":{"@id":"https://www.auditionsolidarite.org/en/#organization"},"potentialAction":[{"@type":"SearchAction","target":{"@type":"EntryPoint","urlTemplate":"https://www.auditionsolidarite.org/en/?s={search_term_string}"},"query-input":"required name=search_term_string"}],"inLanguage":"en-US"},{"@type":"Organization","@id":"https://www.auditionsolidarite.org/en/#organization","name":"AuditionSolidarité","url":"https://www.auditionsolidarite.org/en/","logo":{"@type":"ImageObject","inLanguage":"en-US","@id":"https://www.auditionsolidarite.org/en/#/schema/logo/image/","url":"https://www.auditionsolidarite.org/wp-content/uploads/2015/07/logo-audition-solidarite-e1446132259721.png","contentUrl":"https://www.auditionsolidarite.org/wp-content/uploads/2015/07/logo-audition-solidarite-e1446132259721.png","width":600,"height":593,"caption":"AuditionSolidarité"},"image":{"@id":"https://www.auditionsolidarite.org/en/#/schema/logo/image/"}}]}</script>
<!-- / Yoast SEO plugin. -->

(Français) Mission Humanitaire Cameroun - Yaoundé 2012 - AuditionSolidarité

Sorry, this entry is only available in French.Mission humanitaire Cameroun &#8211; Yaoundé mars 2012 Mission à l&#8217;ESEDA, École Spécialisée pour Enfants Déficients Auditifs 154 enfants appareillés, 208 appareils auditifs adaptés et 208 embouts sur mesure fabriqués sur place. Merci à tous ! Mission réussie avec une équipe de 9 personnes : Jean-Pierre Fogel, Alain Rosette, Cyril Cornu et Christine Bourger,

AuditionSolidarité

Mission Humanitaire Cameroun &#8211; Yaoundé 2012

Le hasard n&#039;existe pas ! Si vous êtes là aujourd&#039;hui, c&#039;est que le monde de l&#039;audition vous touche... Alors merci d&#039;être là !
