{"version":"1.0","provider_name":"AuditionSolidarit\u00e9","provider_url":"https:\/\/www.auditionsolidarite.org\/en","author_name":"Audition Solidarit\u00e9 (\u00c9diteur)","author_url":"https:\/\/www.auditionsolidarite.org\/en","title":"(Fran\u00e7ais) Mission Humanitaire en R\u00e9publique dominicaine - Hato Mayor 2019 - AuditionSolidarit\u00e9","type":"rich","width":600,"height":338,"html":"<blockquote class=\"wp-embedded-content\" data-secret=\"83WsVa6cqs\"><a href=\"https:\/\/www.auditionsolidarite.org\/en\/mission-humanitaire-republique-dominicaine-2019\/\">(Fran\u00e7ais) Mission Humanitaire en R\u00e9publique dominicaine &#8211; Hato Mayor 2019<\/a><\/blockquote><iframe sandbox=\"allow-scripts\" security=\"restricted\" src=\"https:\/\/www.auditionsolidarite.org\/en\/mission-humanitaire-republique-dominicaine-2019\/embed\/#?secret=83WsVa6cqs\" width=\"600\" height=\"338\" title=\"&#8220;(Fran\u00e7ais) Mission Humanitaire en R\u00e9publique dominicaine &#8211; Hato Mayor 2019&#8221; &#8212; AuditionSolidarit\u00e9\" data-secret=\"83WsVa6cqs\" frameborder=\"0\" marginwidth=\"0\" marginheight=\"0\" scrolling=\"no\" class=\"wp-embedded-content\"><\/iframe><script type=\"text\/javascript\">\n\/* <![CDATA[ *\/\n\/*! This file is auto-generated *\/\n!function(d,l){\"use strict\";l.querySelector&&d.addEventListener&&\"undefined\"!=typeof URL&&(d.wp=d.wp||{},d.wp.receiveEmbedMessage||(d.wp.receiveEmbedMessage=function(e){var t=e.data;if((t||t.secret||t.message||t.value)&&!\/[^a-zA-Z0-9]\/.test(t.secret)){for(var s,r,n,a=l.querySelectorAll('iframe[data-secret=\"'+t.secret+'\"]'),o=l.querySelectorAll('blockquote[data-secret=\"'+t.secret+'\"]'),c=new RegExp(\"^https?:$\",\"i\"),i=0;i<o.length;i++)o[i].style.display=\"none\";for(i=0;i<a.length;i++)s=a[i],e.source===s.contentWindow&&(s.removeAttribute(\"style\"),\"height\"===t.message?(1e3<(r=parseInt(t.value,10))?r=1e3:~~r<200&&(r=200),s.height=r):\"link\"===t.message&&(r=new URL(s.getAttribute(\"src\")),n=new URL(t.value),c.test(n.protocol))&&n.host===r.host&&l.activeElement===s&&(d.top.location.href=t.value))}},d.addEventListener(\"message\",d.wp.receiveEmbedMessage,!1),l.addEventListener(\"DOMContentLoaded\",function(){for(var e,t,s=l.querySelectorAll(\"iframe.wp-embedded-content\"),r=0;r<s.length;r++)(t=(e=s[r]).getAttribute(\"data-secret\"))||(t=Math.random().toString(36).substring(2,12),e.src+=\"#?secret=\"+t,e.setAttribute(\"data-secret\",t)),e.contentWindow.postMessage({message:\"ready\",secret:t},\"*\")},!1)))}(window,document);\n\/* ]]> *\/\n<\/script>\n","description":"Sorry, this entry is only available in French.C&#8217;\u00e9tait la 1\u00e8re mission d\u2019AuditionSolidarit\u00e9 sur le continent Am\u00e9ricain et donc la premi\u00e8re en R\u00e9publique Dominicaine. Cette mission a \u00e9t\u00e9 r\u00e9alis\u00e9e en partenariat avec l\u2019association dominicaine Oir Para Vivir entre le 25 avril et le 3 mai 2019. Pendant 7 jours, une \u00e9quipe de 13 professionnels de l\u2019audition (m\u00e9decin ORL, audioproth\u00e9sistes, fabricant d\u2019embouts,","thumbnail_url":"https:\/\/www.auditionsolidarite.org\/wp-content\/uploads\/2015\/07\/logo-audition-solidarite-e1446132259721.png","thumbnail_width":600,"thumbnail_height":593}

AuditionSolidarité

Audition Solidarité (Éditeur)

(Français) Mission Humanitaire en République dominicaine - Hato Mayor 2019 - AuditionSolidarité

<blockquote class="wp-embedded-content" data-secret="83WsVa6cqs"><a href="https://www.auditionsolidarite.org/en/mission-humanitaire-republique-dominicaine-2019/">(Français) Mission Humanitaire en République dominicaine &#8211; Hato Mayor 2019</a></blockquote><iframe sandbox="allow-scripts" security="restricted" src="https://www.auditionsolidarite.org/en/mission-humanitaire-republique-dominicaine-2019/embed/#?secret=83WsVa6cqs" width="600" height="338" title="&#8220;(Français) Mission Humanitaire en République dominicaine &#8211; Hato Mayor 2019&#8221; &#8212; AuditionSolidarité" data-secret="83WsVa6cqs" frameborder="0" marginwidth="0" marginheight="0" scrolling="no" class="wp-embedded-content"></iframe><script type="text/javascript">
/* <![CDATA[ */
/*! This file is auto-generated */
!function(d,l){"use strict";l.querySelector&&d.addEventListener&&"undefined"!=typeof URL&&(d.wp=d.wp||{},d.wp.receiveEmbedMessage||(d.wp.receiveEmbedMessage=function(e){var t=e.data;if((t||t.secret||t.message||t.value)&&!/[^a-zA-Z0-9]/.test(t.secret)){for(var s,r,n,a=l.querySelectorAll('iframe[data-secret="'+t.secret+'"]'),o=l.querySelectorAll('blockquote[data-secret="'+t.secret+'"]'),c=new RegExp("^https?:$","i"),i=0;i<o.length;i++)o[i].style.display="none";for(i=0;i<a.length;i++)s=a[i],e.source===s.contentWindow&&(s.removeAttribute("style"),"height"===t.message?(1e3<(r=parseInt(t.value,10))?r=1e3:~~r<200&&(r=200),s.height=r):"link"===t.message&&(r=new URL(s.getAttribute("src")),n=new URL(t.value),c.test(n.protocol))&&n.host===r.host&&l.activeElement===s&&(d.top.location.href=t.value))}},d.addEventListener("message",d.wp.receiveEmbedMessage,!1),l.addEventListener("DOMContentLoaded",function(){for(var e,t,s=l.querySelectorAll("iframe.wp-embedded-content"),r=0;r<s.length;r++)(t=(e=s[r]).getAttribute("data-secret"))||(t=Math.random().toString(36).substring(2,12),e.src+="#?secret="+t,e.setAttribute("data-secret",t)),e.contentWindow.postMessage({message:"ready",secret:t},"*")},!1)))}(window,document);
/* ]]> */
</script>

Sorry, this entry is only available in French.C&#8217;était la 1ère mission d’AuditionSolidarité sur le continent Américain et donc la première en République Dominicaine. Cette mission a été réalisée en partenariat avec l’association dominicaine Oir Para Vivir entre le 25 avril et le 3 mai 2019. Pendant 7 jours, une équipe de 13 professionnels de l’audition (médecin ORL, audioprothésistes, fabricant d’embouts,
